 prime factors of 1105.
5, 13, 17
What are the prime factors of 2289?
3, 7, 109
List the prime factors of 18861.
3, 6287
What are the prime factors of 3642?
2, 3, 607
List the prime factors of 931.
7, 19
What are the prime factors of 8274?
2, 3, 7, 197
List the prime factors of 7230.
2, 3, 5, 241
What are the prime factors of 66025?
5, 19, 139
List the prime factors of 1030.
2, 5, 103
List the prime factors of 111716.
2, 11, 2539
What are the prime factors of 1509?
3, 503
List the prime factors of 1868.
2, 467
List the prime factors of 624.
2, 3, 13
What are the prime factors of 2398?
2, 11, 109
What are the prime factors of 1564?
2, 17, 23
List the prime factors of 1717.
17, 101
List the prime factors of 1713.
3, 571
What are the prime factors of 246?
2, 3, 41
What are the prime factors of 30969?
3, 31, 37
List the prime factors of 23486.
2, 11743
List the prime factors of 1059.
3, 353
What are the prime factors of 8105?
5, 1621
List the prime factors of 66.
2, 3, 11
What are the prime factors of 179?
179
What are the prime factors of 2205?
3, 5, 7
List the prime factors of 815.
5, 163
What are the prime factors of 87080?
2, 5, 7, 311
List the prime factors of 1076.
2, 269
What are the prime factors of 67832?
2, 61, 139
List the prime factors of 1557.
3, 173
List the prime factors of 8615.
5, 1723
List the prime factors of 8495.
5, 1699
What are the prime factors of 1137?
3, 379
What are the prime factors of 4065?
3, 5, 271
List the prime factors of 126731.
11, 41, 281
List the prime factors of 8387.
8387
What are the prime factors of 129841?
129841
What are the prime factors of 3307?
3307
List the prime factors of 75.
3, 5
What are the prime factors of 980?
2, 5, 7
List the prime factors of 2944.
2, 23
List the prime factors of 5047.
7, 103
What are the prime factors of 34059?
3, 11353
What are the prime factors of 1645?
5, 7, 47
List the prime factors of 1871.
1871
What are the prime factors of 6197?
6197
What are the prime factors of 6522?
2, 3, 1087
What are the prime factors of 1430?
2, 5, 11, 13
List the prime factors of 616.
2, 7, 11
What are the prime factors of 1905?
3, 5, 127
List the prime factors of 832.
2, 13
What are the prime factors of 6080?
2, 5, 19
List the prime factors of 791.
7, 113
List the prime factors of 1153.
1153
What are the prime factors of 955?
5, 191
List the prime factors of 50738.
2, 23, 1103
What are the prime factors of 72924?
2, 3, 59, 103
What are the prime factors of 6258?
2, 3, 7, 149
List the prime factors of 3981.
3, 1327
What are the prime factors of 66957?
3, 11, 2029
List the prime factors of 2098.
2, 1049
List the prime factors of 853.
853
List the prime factors of 10845.
3, 5, 241
List the prime factors of 1296.
2, 3
List the prime factors of 4217.
4217
What are the prime factors of 551?
19, 29
List the prime factors of 11373.
3, 17, 223
What are the prime factors of 19985?
5, 7, 571
List the prime factors of 3115.
5, 7, 89
List the prime factors of 3.
3
What are the prime factors of 17675?
5, 7, 101
List the prime factors of 108390.
2, 3, 5, 3613
List the prime factors of 184.
2, 23
What are the prime factors of 4779?
3, 59
List the prime factors of 5109.
3, 13, 131
List the prime factors of 16122.
2, 3, 2687
What are the prime factors of 12887?
7, 263
List the prime factors of 12284.
2, 37, 83
List the prime factors of 1037.
17, 61
What are the prime factors of 1686?
2, 3, 281
What are the prime factors of 39847?
39847
What are the prime factors of 4697?
7, 11, 61
What are the prime factors of 3290?
2, 5, 7, 47
What are the prime factors of 55330?
2, 5, 11, 503
List the prime factors of 551.
19, 29
What are the prime factors of 88749?
3, 19, 173
List the prime factors of 6237.
3, 7, 11
What are the prime factors of 16254?
2, 3, 7, 43
What are the prime factors of 629?
17, 37
What are the prime factors of 84071?
13, 29, 223
List the prime factors of 61072.
2, 11, 347
List the prime factors of 5388.
2, 3, 449
List the prime factors of 14734.
2, 53, 139
List the prime factors of 1392.
2, 3, 29
List the prime factors of 1488.
2, 3, 31
What are the prime factors of 24221?
53, 457
What are the prime factors of 12280?
2, 5, 307
What are the prime factors of 228?
2, 3, 19
List the prime factors of 15.
3, 5
List the prime factors of 7177.
7177
What are the prime factors of 26095?
5, 17, 307
What are the prime factors of 5376?
2, 3, 7
List the prime factors of 1678.
2, 839
What are the prime factors of 70223?
70223
List the prime factors of 9961.
7, 1423
List the prime factors of 1399.
1399
List the prime factors of 1998.
2, 3, 37
What are the prime factors of 30924?
2, 3, 859
List the prime factors of 911.
911
List the prime factors of 13369.
29, 461
List the prime factors of 2011.
2011
What are the prime factors of 19020?
2, 3, 5, 317
What are the prime factors of 3034?
2, 37, 41
List the prime factors of 728.
2, 7, 13
What are the prime factors of 25189?
25189
What are the prime factors of 1079?
13, 83
List the prime factors of 787.
787
List the prime factors of 23074.
2, 83, 139
List the prime factors of 10483.
11, 953
List the prime factors of 555.
3, 5, 37
What are the prime factors of 7797?
3, 23, 113
List the prime factors of 712.
2, 89
What are the prime factors of 218?
2, 109
List the prime factors of 3194.
2, 1597
List the prime factors of 887.
887
List the prime factors of 2072.
2, 7, 37
List the prime factors of 1823.
1823
What are the prime factors of 14972?
2, 19, 197
List the prime factors of 80146.
2, 11, 3643
What are the prime factors of 514?
2, 257
What are the prime factors of 12854?
2, 6427
What are the prime factors of 1793?
11, 163
List the prime factors of 16152.
2, 3, 673
List the prime factors of 33830.
2, 5, 17, 199
List the prime factors of 3047.
11, 277
What are the prime factors of 1889?
1889
List the prime factors of 1940.
2, 5, 97
What are the prime factors of 1714?
2, 857
List the prime factors of 22789.
13, 1753
What are the prime factors of 9523?
89, 107
What are the prime factors of 680?
2, 5, 17
List the prime factors of 4695.
3, 5, 313
List the prime factors of 14622.
2, 3, 2437
List the prime factors of 104020.
2, 5, 7, 743
List the prime factors of 1385.
5, 277
List the prime factors of 4298.
2, 7, 307
List the prime factors of 3824.
2, 239
What are the prime factors of 1589?
7, 227
List the prime factors of 2586.
2, 3, 431
What are the prime factors of 9401?
7, 17, 79
What are the prime factors of 167?
167
List the prime factors of 1665.
3, 5, 37
List the prime factors of 2484.
2, 3, 23
List the prime factors of 1910.
2, 5, 191
List the prime factors of 6170.
2, 5, 617
What are the prime factors of 91805?
5, 7, 43, 61
List the prime factors of 20366.
2, 17, 599
List the prime factors of 11956.
2, 7, 61
What are the prime factors of 2975?
5, 7, 17
What are the prime factors of 3301?
3301
List the prime factors of 111681.
3, 12409
What are the prime factors of 2510?
2, 5, 251
List the prime factors of 8146.
2, 4073
List the prime factors of 341.
11, 31
What are the prime factors of 1062?
2, 3, 59
List the prime factors of 2148.
2, 3, 179
List the prime factors of 11792.
2, 11, 67
List the prime factors of 18808.
2, 2351
What are the prime factors of 2665?
5, 13, 41
What are the prime factors of 128698?
2, 229, 281
List the prime factors of 10405.
5, 2081
What are the prime factors of 22574?
2, 11287
List the prime factors of 972.
2, 3
List the prime factors of 5147.
5147
List the prime factors of 1116.
2, 3, 31
What are the prime factors of 554?
2, 277
What are the prime factors of 10845?
3, 5, 241
What are the prime factors of 4618?
2, 2309
List the prime factors of 3086.
2, 1543
What are the prime factors of 40992?
2, 3, 7, 61
What are the prime factors of 3509?
11, 29
List the prime factors of 1652.
2, 7, 59
What are the prime factors of 865?
5, 173
List the prime factors of 6484.
2, 1621
List the prime factors of 1096.
2, 137
What are the prime factors of 3186?
2, 3, 59
What are the prime factors of 683?
683
List the prime factors of 2555.
5, 7, 73
What are the prime factors of 128075?
5, 47, 109
What are the prime factors of 1595?
5, 11, 29
What are the prime factors of 177825?
3, 5, 2371
What are the prime factors of 1556?
2, 389
What are the prime factor